{"id":14160,"date":"2023-11-27T23:17:28","date_gmt":"2023-11-27T23:17:28","guid":{"rendered":"https:\/\/casd.com.mx\/v3\/?page_id=14160"},"modified":"2024-01-26T19:42:19","modified_gmt":"2024-01-26T19:42:19","slug":"servicios-para-la-transferencia-segura-de-la-informacion","status":"publish","type":"page","link":"https:\/\/casd.com.mx\/v3\/servicios-para-la-transferencia-segura-de-la-informacion","title":{"rendered":"Servicios para la transferencia segura de la informaci\u00f3n"},"content":{"rendered":"<p>[vc_row equal_height=\u00bbyes\u00bb enable_row_dividers=\u00bbyes\u00bb responsive_css=\u00bbpadding_top_large:5%25|padding_bottom_large:5%25&#8243; css=\u00bb.vc_custom_1702505398999{padding-top: 5% !important;padding-bottom: 5% !important;background-image: url(https:\/\/casd.com.mx\/v3\/wp-content\/uploads\/2023\/10\/CASD-HEADER.webp?id=13599) !important;background-position: center !important;background-repeat: no-repeat !important;background-size: cover !important;}\u00bb row_svg_divider=\u00bbbottom_shape_type:8|bottom_shape_color:%23ffffff|bottom_shape_height:45&#8243;][vc_column][vc_row_inner equal_height=\u00bbyes\u00bb][vc_column_inner width=\u00bb1\/4&#8243;][\/vc_column_inner][vc_column_inner width=\u00bb1\/2&#8243; responsive_align=\u00bbtext-center text-sm-center text-md-center text-lg-center\u00bb]<style>.ld_fancy_heading_69f5fc7ce577b h1{color:rgb(255, 255, 255);}.ld_fancy_heading_69f5fc7ce577b h1 {font-size:9vw; } @media (min-width: 768px) { .ld_fancy_heading_69f5fc7ce577b h1 {font-size:61px; }  } .ld_fancy_heading_69f5fc7ce577b h1 {line-height:1em; } .ld_fancy_heading_69f5fc7ce577b h1 {--element-line-height:1em; } .ld_fancy_heading_69f5fc7ce577b h1 {margin-bottom:0.25em !important;  } .ld_fancy_heading_69f5fc7ce577b .lqd-highlight-inner{height:0.275em!important;bottom:0px!important;}.ld_fancy_heading_69f5fc7ce577b h1 {font-size:9vw; } @media (min-width: 768px) { .ld_fancy_heading_69f5fc7ce577b h1 {font-size:61px; }  } .ld_fancy_heading_69f5fc7ce577b h1 {line-height:1em; } .ld_fancy_heading_69f5fc7ce577b h1 {--element-line-height:1em; } .ld_fancy_heading_69f5fc7ce577b h1 {margin-bottom:0.25em !important;  } <\/style><div class=\"ld-fancy-heading text-center ld_fancy_heading_69f5fc7ce577b\">\n\t<h1 class=\"ld-fh-element lqd-highlight-underline lqd-highlight-grow-left text-decoration-default\"   >  Servicios para la transferencia segura de la informaci\u00f3n<\/h1><\/div><style>.ld_fancy_heading_69f5fc7ce5f71 p{color:rgb(255, 255, 255);}.ld_fancy_heading_69f5fc7ce5f71 .lqd-highlight-inner{height:0.275em!important;bottom:0px!important;}<\/style><div class=\"ld-fancy-heading ld_fancy_heading_69f5fc7ce5f71\">\n\t<p class=\"ld-fh-element lqd-highlight-underline lqd-highlight-grow-left text-decoration-default\"   >  Conozca nuestros servicios para la transferencia segura de la informaci\u00f3n y proteja cada dato de su organizaci\u00f3n.<\/p><\/div><style>.ld_spacer_69f5fc7ce6106{height:32px;}<\/style>\n<div class=\"ld-empty-space ld_spacer_69f5fc7ce6106\"><\/div>[\/vc_column_inner][vc_column_inner width=\u00bb1\/4&#8243;][\/vc_column_inner][\/vc_row_inner][\/vc_column][\/vc_row][vc_row full_width=\u00bbstretch_row\u00bb equal_height=\u00bbyes\u00bb content_placement=\u00bbmiddle\u00bb responsive_css=\u00bbpadding_top_medium:65px|padding_bottom_medium:65px\u00bb css=\u00bb.vc_custom_1701878470341{padding-top: 35px !important;padding-bottom: 35px !important;}\u00bb][vc_column width=\u00bb1\/2&#8243; responsive_css=\u00bbmargin_bottom_medium:0px\u00bb css=\u00bb.vc_custom_1701878526528{margin-bottom: 30px !important;background-image: url(https:\/\/casd.com.mx\/v3\/wp-content\/uploads\/2023\/12\/a-man-employs-cloud-based-computing-on-his-smartph-2023-11-27-04-57-32-utc.webp?id=14266) !important;background-position: center !important;background-repeat: no-repeat !important;background-size: cover !important;}\u00bb][\/vc_column][vc_column width=\u00bb1\/2&#8243; responsive_css=\u00bbpadding_left_large:9%25&#8243;]<style>.vc_accordion_69f5fc7ce682b .accordion-title{font-size:17px;line-height:1.35em;font-weight:700;}.vc_accordion_69f5fc7ce682b .accordion-title a{color:rgb(0, 0, 0);background:rgb(247, 248, 249);}.vc_accordion_69f5fc7ce682b .accordion-item.active .accordion-title a{color:rgb(255, 255, 255);}.vc_accordion_69f5fc7ce682b .accordion-title a, .vc_accordion_69f5fc7ce682b .accordion-item{border-color:rgb(247, 248, 249);}.vc_accordion_69f5fc7ce682b .accordion-item:not(:last-child){margin-bottom:25px;}<\/style><div class=\"accordion accordion-md accordion-active-has-fill accordion-title-bordered accordion-title-circle vc_accordion_69f5fc7ce682b\" id=\"vc_accordion_69f5fc7ce682b\"\n     role=\"tablist\" aria-multiselectable=\"true\">\n\n\t            <div class=\"accordion-item panel  active \">\n\n                <div class=\"accordion-heading\" role=\"tab\" id=\"heading_lqd-1579175585568-fabb85cc-3af9bbdb-346d\" data-id=\"lqd-1579175585568-fabb85cc-3af9bbdb-346d\">\n                    <h4 class=\"accordion-title\" data-controls=\"lqd-1579175585568-fabb85cc-3af9bbdb-346d\" tabindex=\"-1\">\n                        <a tabindex=\"0\" class=\"\" data-toggle=\"collapse\"  data-bs-toggle=\"collapse\"\n                           data-parent=\"#vc_accordion_69f5fc7ce682b\" data-bs-parent=\"#vc_accordion_69f5fc7ce682b\" href=\"#lqd-1579175585568-fabb85cc-3af9bbdb-346d\" data-bs-target=\"#lqd-1579175585568-fabb85cc-3af9bbdb-346d\"\n                           aria-expanded=\"true\" aria-controls=\"lqd-1579175585568-fabb85cc-3af9bbdb-346d\">\n\n\t\t\t\t\t\t\t\n\t\t\t\t\t\t\tImplementaci\u00f3n de la soluci\u00f3n para el aseguramiento y automatizaci\u00f3n en la transferencia de informaci\u00f3n\n\t\t\t\t\t\t\t                                <span class=\"accordion-expander\">\n\t\t\t\t\t\t\t\t\t\t\t\t\t\t\t\t\t\t\t<i class=\"lqd-icn-ess icon-ion-ios-arrow-down\"><\/i>\n\t\t\t\t\t\t\t\t\t\n\t\t\t\t\t\t\t\t\t\t\t\t\t\t\t\t\t\t\t<i class=\"lqd-icn-ess icon-ion-ios-arrow-up\"><\/i>\n\t\t\t\t\t\t\t\t\t\t\t\t\t\t\t\t\t<\/span>\n\t\t\t\t\t\t\t\n                        <\/a>\n\n                    <\/h4>\n                <\/div>\n\n                <div id=\"lqd-1579175585568-fabb85cc-3af9bbdb-346d\" class=\"accordion-collapse collapse show\"\n                    data-bs-parent=\"#vc_accordion_69f5fc7ce682b\" role=\"tabpanel\" aria-labelledby=\"heading_lqd-1579175585568-fabb85cc-3af9bbdb-346d\">\n                    <div class=\"accordion-content\">\n\t\t\t\t\t\t<style>.ld_fancy_heading_69f5fc7ce6422 p{color:rgb(15, 64, 100);}.ld_fancy_heading_69f5fc7ce6422 p {font-size:18px; } .ld_fancy_heading_69f5fc7ce6422 p {line-height:1.44em; } .ld_fancy_heading_69f5fc7ce6422 p {--element-line-height:1.44em; } .ld_fancy_heading_69f5fc7ce6422 p {margin-bottom:2.5em !important;  } .ld_fancy_heading_69f5fc7ce6422 .lqd-highlight-inner{height:0.275em!important;bottom:0px!important;}.ld_fancy_heading_69f5fc7ce6422 p {font-size:18px; } .ld_fancy_heading_69f5fc7ce6422 p {line-height:1.44em; } .ld_fancy_heading_69f5fc7ce6422 p {--element-line-height:1.44em; } .ld_fancy_heading_69f5fc7ce6422 p {margin-bottom:2.5em !important;  } <\/style><div class=\"ld-fancy-heading ld_fancy_heading_69f5fc7ce6422\">\n\t<p class=\"ld-fh-element lqd-highlight-underline lqd-highlight-grow-left text-decoration-default\"   >  Instalaci\u00f3n, configuraci\u00f3n y puesta a punto de la arquitectura \u00f3ptima para automatizar procesos del negocio donde se requiere el intercambio de informaci\u00f3n sensible entre diversas plataformas y\/o los diversos actores dentro y fuera de la organizaci\u00f3n.<\/p>\n<p><\/p><\/div>                    <\/div>\n                <\/div>\n            <\/div>\n\t\t\t            <div class=\"accordion-item panel  \">\n\n                <div class=\"accordion-heading\" role=\"tab\" id=\"heading_ld-1579175796106-906f8cfc-cbdabbdb-346d\" data-id=\"ld-1579175796106-906f8cfc-cbdabbdb-346d\">\n                    <h4 class=\"accordion-title\" data-controls=\"ld-1579175796106-906f8cfc-cbdabbdb-346d\" tabindex=\"-1\">\n                        <a tabindex=\"0\" class=\"collapsed\" data-toggle=\"collapse\"  data-bs-toggle=\"collapse\"\n                           data-parent=\"#vc_accordion_69f5fc7ce682b\" data-bs-parent=\"#vc_accordion_69f5fc7ce682b\" href=\"#ld-1579175796106-906f8cfc-cbdabbdb-346d\" data-bs-target=\"#ld-1579175796106-906f8cfc-cbdabbdb-346d\"\n                           aria-expanded=\"false\" aria-controls=\"ld-1579175796106-906f8cfc-cbdabbdb-346d\">\n\n\t\t\t\t\t\t\t\n\t\t\t\t\t\t\tAsesor\u00eda para el aseguramiento y automatizaci\u00f3n en la transferencia de informaci\u00f3n\n\t\t\t\t\t\t\t                                <span class=\"accordion-expander\">\n\t\t\t\t\t\t\t\t\t\t\t\t\t\t\t\t\t\t\t<i class=\"lqd-icn-ess icon-ion-ios-arrow-down\"><\/i>\n\t\t\t\t\t\t\t\t\t\n\t\t\t\t\t\t\t\t\t\t\t\t\t\t\t\t\t\t\t<i class=\"lqd-icn-ess icon-ion-ios-arrow-up\"><\/i>\n\t\t\t\t\t\t\t\t\t\t\t\t\t\t\t\t\t<\/span>\n\t\t\t\t\t\t\t\n                        <\/a>\n\n                    <\/h4>\n                <\/div>\n\n                <div id=\"ld-1579175796106-906f8cfc-cbdabbdb-346d\" class=\"accordion-collapse collapse\"\n                    data-bs-parent=\"#vc_accordion_69f5fc7ce682b\" role=\"tabpanel\" aria-labelledby=\"heading_ld-1579175796106-906f8cfc-cbdabbdb-346d\">\n                    <div class=\"accordion-content\">\n\t\t\t\t\t\t<style>.ld_fancy_heading_69f5fc7ce65e6 p{color:rgb(15, 64, 100);}.ld_fancy_heading_69f5fc7ce65e6 p {font-size:18px; } .ld_fancy_heading_69f5fc7ce65e6 p {line-height:1.44em; } .ld_fancy_heading_69f5fc7ce65e6 p {--element-line-height:1.44em; } .ld_fancy_heading_69f5fc7ce65e6 p {margin-bottom:2.5em !important;  } .ld_fancy_heading_69f5fc7ce65e6 .lqd-highlight-inner{height:0.275em!important;bottom:0px!important;}.ld_fancy_heading_69f5fc7ce65e6 p {font-size:18px; } .ld_fancy_heading_69f5fc7ce65e6 p {line-height:1.44em; } .ld_fancy_heading_69f5fc7ce65e6 p {--element-line-height:1.44em; } .ld_fancy_heading_69f5fc7ce65e6 p {margin-bottom:2.5em !important;  } <\/style><div class=\"ld-fancy-heading ld_fancy_heading_69f5fc7ce65e6\">\n\t<p class=\"ld-fh-element lqd-highlight-underline lqd-highlight-grow-left text-decoration-default\"   >  Servicios de consultor\u00eda que permiten al cliente dise\u00f1ar la arquitectura \u00f3ptima para automatizar procesos del negocio donde se requiere el intercambio de informaci\u00f3n sensible entre identidades como: clientes, socios de negocio, proveedores, \u00e1reas internas, aplicaciones y servidores remotos.<\/p>\n<p><\/p><\/div>                    <\/div>\n                <\/div>\n            <\/div>\n\t\t\t            <div class=\"accordion-item panel  \">\n\n                <div class=\"accordion-heading\" role=\"tab\" id=\"heading_ld-1579175803325-17b3ad82-140abbdb-346d\" data-id=\"ld-1579175803325-17b3ad82-140abbdb-346d\">\n                    <h4 class=\"accordion-title\" data-controls=\"ld-1579175803325-17b3ad82-140abbdb-346d\" tabindex=\"-1\">\n                        <a tabindex=\"0\" class=\"collapsed\" data-toggle=\"collapse\"  data-bs-toggle=\"collapse\"\n                           data-parent=\"#vc_accordion_69f5fc7ce682b\" data-bs-parent=\"#vc_accordion_69f5fc7ce682b\" href=\"#ld-1579175803325-17b3ad82-140abbdb-346d\" data-bs-target=\"#ld-1579175803325-17b3ad82-140abbdb-346d\"\n                           aria-expanded=\"false\" aria-controls=\"ld-1579175803325-17b3ad82-140abbdb-346d\">\n\n\t\t\t\t\t\t\t\n\t\t\t\t\t\t\tSoporte t\u00e9cnico\n\t\t\t\t\t\t\t                                <span class=\"accordion-expander\">\n\t\t\t\t\t\t\t\t\t\t\t\t\t\t\t\t\t\t\t<i class=\"lqd-icn-ess icon-ion-ios-arrow-down\"><\/i>\n\t\t\t\t\t\t\t\t\t\n\t\t\t\t\t\t\t\t\t\t\t\t\t\t\t\t\t\t\t<i class=\"lqd-icn-ess icon-ion-ios-arrow-up\"><\/i>\n\t\t\t\t\t\t\t\t\t\t\t\t\t\t\t\t\t<\/span>\n\t\t\t\t\t\t\t\n                        <\/a>\n\n                    <\/h4>\n                <\/div>\n\n                <div id=\"ld-1579175803325-17b3ad82-140abbdb-346d\" class=\"accordion-collapse collapse\"\n                    data-bs-parent=\"#vc_accordion_69f5fc7ce682b\" role=\"tabpanel\" aria-labelledby=\"heading_ld-1579175803325-17b3ad82-140abbdb-346d\">\n                    <div class=\"accordion-content\">\n\t\t\t\t\t\t<style>.ld_fancy_heading_69f5fc7ce6782 p{color:rgb(15, 64, 100);}.ld_fancy_heading_69f5fc7ce6782 p {font-size:18px; } .ld_fancy_heading_69f5fc7ce6782 p {line-height:1.44em; } .ld_fancy_heading_69f5fc7ce6782 p {--element-line-height:1.44em; } .ld_fancy_heading_69f5fc7ce6782 p {margin-bottom:2.5em !important;  } .ld_fancy_heading_69f5fc7ce6782 .lqd-highlight-inner{height:0.275em!important;bottom:0px!important;}.ld_fancy_heading_69f5fc7ce6782 p {font-size:18px; } .ld_fancy_heading_69f5fc7ce6782 p {line-height:1.44em; } .ld_fancy_heading_69f5fc7ce6782 p {--element-line-height:1.44em; } .ld_fancy_heading_69f5fc7ce6782 p {margin-bottom:2.5em !important;  } <\/style><div class=\"ld-fancy-heading ld_fancy_heading_69f5fc7ce6782\">\n\t<p class=\"ld-fh-element lqd-highlight-underline lqd-highlight-grow-left text-decoration-default\"   >  Ofrecemos el Servicio de Mesa de Ayuda CASD para atenci\u00f3n de incidencias y requerimientos relacionados con nuestra soluci\u00f3n para la automatizaci\u00f3n y protecci\u00f3n de la transferencia de la informaci\u00f3n.<\/p><\/div>                    <\/div>\n                <\/div>\n            <\/div>\n\t\t\t<\/div>[\/vc_column][\/vc_row][vc_row enable_content_animation=\u00bbyes\u00bb ca_init_scale_x=\u00bb0.85&#8243; ca_init_scale_y=\u00bb0.85&#8243; ca_init_opacity=\u00bb0&#8243; ca_an_scale_x=\u00bb1&#8243; ca_an_scale_y=\u00bb1&#8243; ca_an_opacity=\u00bb1&#8243; css=\u00bb.vc_custom_1614344011038{padding-top: 15px !important;}\u00bb ca_duration=\u00bb1800&#8243; ca_delay=\u00bb180&#8243; ca_init_translate_y=\u00bb65&#8243; ca_init_rotate_x=\u00bb-35&#8243; el_id=\u00bbdownload\u00bb][vc_column parallax=\u00bbyes\u00bb scale_from_x=\u00bb1.2&#8243; scale_from_y=\u00bb1.2&#8243; from_opacity=\u00bb1&#8243; scale_to_x=\u00bb1&#8243; scale_to_y=\u00bb1&#8243; to_opacity=\u00bb1&#8243; enable_column_shadowbox=\u00bbyes\u00bb bg_position=\u00bbcenter center\u00bb scale_from_z=\u00bb1&#8243; scale_to_z=\u00bb1&#8243; responsive_css=\u00bbpadding_right_medium:90px|padding_left_medium:90px\u00bb css=\u00bb.vc_custom_1614345414070{margin-bottom: -100px !important;padding-top: 55px !important;padding-right: 15px !important;padding-bottom: 55px !important;padding-left: 15px !important;background-color: #030343 !important;background-position: 0 0 !important;background-repeat: no-repeat !important;border-radius: 10px !important;}\u00bb column_box_shadow=\u00bb%5B%7B%22x_offset%22%3A%220%22%2C%22y_offset%22%3A%2215px%22%2C%22blur_radius%22%3A%2250px%22%2C%22shadow_color%22%3A%22rgba(0%2C%200%2C%200%2C%200.19)%22%7D%5D\u00bb translate_from_y=\u00bb100&#8243; parallax_duration=\u00bb-=650&#8243;][vc_row_inner content_placement=\u00bbmiddle\u00bb][vc_column_inner align=\u00bbtext-center\u00bb responsive_align=\u00bbtext-center text-md-left\u00bb]<style>.ld_fancy_heading_69f5fc7ce6d3d h2{color:rgb(255, 255, 255);}.ld_fancy_heading_69f5fc7ce6d3d h2 {font-size:20px; } @media (min-width: 1200px) { .ld_fancy_heading_69f5fc7ce6d3d h2 {font-size:44px; }  } .ld_fancy_heading_69f5fc7ce6d3d h2 {line-height:1em; } .ld_fancy_heading_69f5fc7ce6d3d h2 {--element-line-height:1em; } .ld_fancy_heading_69f5fc7ce6d3d h2 {font-weight:700; } @media (min-width: 992px) { .ld_fancy_heading_69f5fc7ce6d3d h2 {margin-bottom:0px !important;  }  } .ld_fancy_heading_69f5fc7ce6d3d .lqd-highlight-inner{height:0.275em!important;bottom:0px!important;}.ld_fancy_heading_69f5fc7ce6d3d h2 {font-size:20px; } @media (min-width: 1200px) { .ld_fancy_heading_69f5fc7ce6d3d h2 {font-size:44px; }  } .ld_fancy_heading_69f5fc7ce6d3d h2 {line-height:1em; } .ld_fancy_heading_69f5fc7ce6d3d h2 {--element-line-height:1em; } .ld_fancy_heading_69f5fc7ce6d3d h2 {font-weight:700; } @media (min-width: 992px) { .ld_fancy_heading_69f5fc7ce6d3d h2 {margin-bottom:0px !important;  }  } <\/style><div class=\"ld-fancy-heading text-center ld_fancy_heading_69f5fc7ce6d3d\">\n\t<h2 class=\"ld-fh-element lqd-highlight-underline lqd-highlight-grow-left text-decoration-default\"   >  Potenciemos la seguridad de su empresa, hagamos un presente y futuro certero y libre de riesgos.<\/h2><\/div><div class=\"wpforms-container wpforms-container-full\" id=\"wpforms-13635\"><form id=\"wpforms-form-13635\" class=\"wpforms-validate wpforms-form wpforms-ajax-form\" data-formid=\"13635\" method=\"post\" enctype=\"multipart\/form-data\" action=\"\/v3\/wp-json\/wp\/v2\/pages\/14160\"><noscript class=\"wpforms-error-noscript\">Por favor, activa JavaScript en tu navegador para completar este formulario.<\/noscript><div class=\"wpforms-field-container\"><div id=\"wpforms-13635-field_7-container\" class=\"wpforms-field wpforms-field-layout\" data-field-id=\"7\"><label class=\"wpforms-field-label wpforms-label-hide\" for=\"wpforms-13635-field_7\">Dise\u00f1o<\/label><div class=\"wpforms-field-layout-columns wpforms-field-layout-preset-50-50\"><div class=\"wpforms-layout-column wpforms-layout-column-50\"><div id=\"wpforms-13635-field_2-container\" class=\"wpforms-field wpforms-field-text\" data-field-id=\"2\"><label class=\"wpforms-field-label wpforms-label-hide\" for=\"wpforms-13635-field_2\">Nombre <span class=\"wpforms-required-label\">*<\/span><\/label><input type=\"text\" id=\"wpforms-13635-field_2\" class=\"wpforms-field-large wpforms-field-required\" name=\"wpforms[fields][2]\" value=\"Nombre\" required><\/div><div id=\"wpforms-13635-field_8-container\" class=\"wpforms-field wpforms-field-email\" data-field-id=\"8\"><label class=\"wpforms-field-label wpforms-label-hide\" for=\"wpforms-13635-field_8\">Correo electr\u00f3nico <span class=\"wpforms-required-label\">*<\/span><\/label><input type=\"email\" id=\"wpforms-13635-field_8\" class=\"wpforms-field-medium wpforms-field-required\" name=\"wpforms[fields][8]\" placeholder=\"Correo electr\u00f3nico\" spellcheck=\"false\" required><\/div><\/div><div class=\"wpforms-layout-column wpforms-layout-column-50\"><div id=\"wpforms-13635-field_4-container\" class=\"wpforms-field wpforms-field-phone\" data-field-id=\"4\"><label class=\"wpforms-field-label wpforms-label-hide\" for=\"wpforms-13635-field_4\">Tel\u00e9fono<\/label><input type=\"tel\" id=\"wpforms-13635-field_4\" class=\"wpforms-field-large wpforms-smart-phone-field\" data-rule-smart-phone-field=\"true\" name=\"wpforms[fields][4]\" placeholder=\"Tel\u00e9fono\" ><\/div><div id=\"wpforms-13635-field_6-container\" class=\"wpforms-field wpforms-field-text\" data-field-id=\"6\"><label class=\"wpforms-field-label wpforms-label-hide\" for=\"wpforms-13635-field_6\">Empresa<\/label><input type=\"text\" id=\"wpforms-13635-field_6\" class=\"wpforms-field-large\" name=\"wpforms[fields][6]\" value=\"Empresa\" ><\/div><\/div><\/div><\/div><\/div><!-- .wpforms-field-container --><div class=\"wpforms-submit-container\" ><input type=\"hidden\" name=\"wpforms[id]\" value=\"13635\"><input type=\"hidden\" name=\"wpforms[author]\" value=\"1\"><input type=\"hidden\" class=\"wpforms-token\" name=\"wpforms[token]\" value=\"fe6e4cd17990dbbab19efeb6c2e001a7\" \/><button type=\"submit\" name=\"wpforms[submit]\" id=\"wpforms-submit-13635\" class=\"wpforms-submit\" data-alt-text=\"Enviando...\" data-submit-text=\"Comenzar\" aria-live=\"assertive\" value=\"wpforms-submit\">Comenzar<\/button><img loading=\"lazy\" decoding=\"async\" src=\"https:\/\/casd.com.mx\/v3\/wp-content\/plugins\/wpforms\/assets\/images\/submit-spin.svg\" class=\"wpforms-submit-spinner\" style=\"display: none;\" width=\"26\" height=\"26\" alt=\"Cargando\"><\/div><\/form><\/div>  <!-- .wpforms-container -->[\/vc_column_inner][\/vc_row_inner][\/vc_column][\/vc_row]<\/p>\n","protected":false},"excerpt":{"rendered":"<p>[vc_row equal_height=\u00bbyes\u00bb enable_row_dividers=\u00bbyes\u00bb responsive_css=\u00bbpadding_top_large:5%25|padding_bottom_large:5%25&#8243; css=\u00bb.vc_custom_1702505398999{padding-top: 5% !important;padding-bottom: 5% !important;background-image: url(https:\/\/casd.com.mx\/v3\/wp-content\/uploads\/2023\/10\/CASD-HEADER.webp?id=13599) !important;background-position: center !important;background-repeat: no-repeat !important;background-size: cover !important;}\u00bb row_svg_divider=\u00bbbottom_shape_type:8|bottom_shape_color:%23ffffff|bottom_shape_height:45&#8243;][vc_column][vc_row_inner equal_height=\u00bbyes\u00bb][vc_column_inner width=\u00bb1\/4&#8243;][\/vc_column_inner][vc_column_inner width=\u00bb1\/2&#8243; responsive_align=\u00bbtext-center text-sm-center text-md-center text-lg-center\u00bb][\/vc_column_inner][vc_column_inner width=\u00bb1\/4&#8243;][\/vc_column_inner][\/vc_row_inner][\/vc_column][\/vc_row][vc_row full_width=\u00bbstretch_row\u00bb equal_height=\u00bbyes\u00bb content_placement=\u00bbmiddle\u00bb responsive_css=\u00bbpadding_top_medium:65px|padding_bottom_medium:65px\u00bb css=\u00bb.vc_custom_1701878470341{padding-top: 35px !important;padding-bottom: 35px !important;}\u00bb][vc_column width=\u00bb1\/2&#8243; responsive_css=\u00bbmargin_bottom_medium:0px\u00bb css=\u00bb.vc_custom_1701878526528{margin-bottom: 30px !important;background-image: url(https:\/\/casd.com.mx\/v3\/wp-content\/uploads\/2023\/12\/a-man-employs-cloud-based-computing-on-his-smartph-2023-11-27-04-57-32-utc.webp?id=14266) !important;background-position: center !important;background-repeat: no-repeat !important;background-size: cover !important;}\u00bb][\/vc_column][vc_column width=\u00bb1\/2&#8243; responsive_css=\u00bbpadding_left_large:9%25&#8243;][\/vc_column][\/vc_row][vc_row enable_content_animation=\u00bbyes\u00bb ca_init_scale_x=\u00bb0.85&#8243; ca_init_scale_y=\u00bb0.85&#8243; ca_init_opacity=\u00bb0&#8243; ca_an_scale_x=\u00bb1&#8243; [&hellip;]<\/p>\n","protected":false},"author":1,"featured_media":0,"parent":0,"menu_order":0,"comment_status":"closed","ping_status":"closed","template":"","meta":{"_seopress_robots_primary_cat":"","_seopress_titles_title":"Servicios para la transferencia segura de la informaci\u00f3n","_seopress_titles_desc":"Conozca la variedad de servicios que ofrecemos con el objetivo de realizar transferencias seguras de la informaci\u00f3n de su empresa.","_seopress_robots_index":"","footnotes":""},"class_list":["post-14160","page","type-page","status-publish","hentry"],"_links":{"self":[{"href":"https:\/\/casd.com.mx\/v3\/wp-json\/wp\/v2\/pages\/14160","targetHints":{"allow":["GET"]}}],"collection":[{"href":"https:\/\/casd.com.mx\/v3\/wp-json\/wp\/v2\/pages"}],"about":[{"href":"https:\/\/casd.com.mx\/v3\/wp-json\/wp\/v2\/types\/page"}],"author":[{"embeddable":true,"href":"https:\/\/casd.com.mx\/v3\/wp-json\/wp\/v2\/users\/1"}],"replies":[{"embeddable":true,"href":"https:\/\/casd.com.mx\/v3\/wp-json\/wp\/v2\/comments?post=14160"}],"version-history":[{"count":0,"href":"https:\/\/casd.com.mx\/v3\/wp-json\/wp\/v2\/pages\/14160\/revisions"}],"wp:attachment":[{"href":"https:\/\/casd.com.mx\/v3\/wp-json\/wp\/v2\/media?parent=14160"}],"curies":[{"name":"wp","href":"https:\/\/api.w.org\/{rel}","templated":true}]}}