{"id":14116,"date":"2023-11-15T17:09:00","date_gmt":"2023-11-15T17:09:00","guid":{"rendered":"https:\/\/casd.com.mx\/v3\/?page_id=14116"},"modified":"2025-10-15T19:25:04","modified_gmt":"2025-10-15T19:25:04","slug":"contacto","status":"publish","type":"page","link":"https:\/\/casd.com.mx\/v3\/contacto","title":{"rendered":"Contacto"},"content":{"rendered":"<p>[vc_row content_placement=\u00bbmiddle\u00bb bg_position=\u00bbcenter bottom\u00bb enable_row_dividers=\u00bbyes\u00bb css=\u00bb.vc_custom_1700069787560{padding-top: 2% !important;padding-bottom: 2% !important;background-color: #021328 !important;background-position: 0 0 !important;background-repeat: no-repeat !important;}\u00bb responsive_css=\u00bbpadding_top_large:5%25|padding_bottom_large:5%25&#8243; row_svg_divider=\u00bbtop_shape_color:%23ffffff|top_shape_bringtofront:yes|bottom_shape_type:8|bottom_shape_color:%23ffffff|bottom_shape_height:43&#8243;][vc_column offset=\u00bbvc_hidden-xs\u00bb responsive_css=\u00bbmargin_bottom_medium:0px\u00bb css=\u00bb.vc_custom_1700068309440{margin-bottom: 60px !important;}\u00bb responsive_align=\u00bbtext-center text-sm-center text-md-center text-lg-center\u00bb]<style>.ld_fancy_heading_6a0514470b154 h1{color:rgb(7, 98, 224);}.ld_fancy_heading_6a0514470b154 h1 {font-size:40px; } @media (min-width: 768px) { .ld_fancy_heading_6a0514470b154 h1 {font-size:42px; }  } @media (min-width: 992px) { .ld_fancy_heading_6a0514470b154 h1 {font-size:47px; }  } .ld_fancy_heading_6a0514470b154 h1 {margin-bottom:0.25em !important;  } .ld_fancy_heading_6a0514470b154 .lqd-highlight-inner{height:0.275em!important;bottom:5px!important;background:rgba(255, 144, 114, 0.12)!important;}.ld_fancy_heading_6a0514470b154 h1 {font-size:40px; } @media (min-width: 768px) { .ld_fancy_heading_6a0514470b154 h1 {font-size:42px; }  } @media (min-width: 992px) { .ld_fancy_heading_6a0514470b154 h1 {font-size:47px; }  } .ld_fancy_heading_6a0514470b154 h1 {margin-bottom:0.25em !important;  } <\/style><div class=\"ld-fancy-heading ld_fancy_heading_6a0514470b154\">\n\t<h1 class=\"ld-fh-element lqd-highlight-underline lqd-highlight-grow-left text-decoration-default lqd-split-lines\"   data-split-text=\"true\" data-split-options='{\"type\":\"lines\"}'>  Hablemos de seguridad y confianza<\/h1><\/div><style>.ld_fancy_heading_6a0514470bb01 p{color:rgb(255, 255, 255);}.ld_fancy_heading_6a0514470bb01 p {font-size:17px; } .ld_fancy_heading_6a0514470bb01 p {line-height:29px; } .ld_fancy_heading_6a0514470bb01 p {--element-line-height:29px; } .ld_fancy_heading_6a0514470bb01 p {margin-bottom:1.75em !important;  } .ld_fancy_heading_6a0514470bb01 .lqd-highlight-inner{height:0.275em!important;bottom:0px!important;}.ld_fancy_heading_6a0514470bb01 p {font-size:17px; } .ld_fancy_heading_6a0514470bb01 p {line-height:29px; } .ld_fancy_heading_6a0514470bb01 p {--element-line-height:29px; } .ld_fancy_heading_6a0514470bb01 p {margin-bottom:1.75em !important;  } <\/style><div class=\"ld-fancy-heading ld_fancy_heading_6a0514470bb01\">\n\t<p class=\"ld-fh-element lqd-highlight-underline lqd-highlight-grow-left text-decoration-default lqd-split-lines\"   data-split-text=\"true\" data-split-options='{\"type\":\"lines\"}'>  Estamos siempre listos para escuchar sus necesidades y enfrentar los retos en ciberseguridad.<\/p><\/div>[\/vc_column][\/vc_row][vc_row content_placement=\u00bbmiddle\u00bb responsive_css=\u00bbpadding_top_medium:80px|padding_bottom_medium:80px\u00bb css=\u00bb.vc_custom_1608199084580{padding-top: 60px !important;padding-bottom: 60px !important;}\u00bb][vc_column width=\u00bb1\/2&#8243; responsive_css=\u00bbmargin_bottom_medium:0px|padding_right_medium:60px|padding_left_medium:60px|padding_top_small:55px|padding_right_small:20px|padding_bottom_small:35px|padding_left_small:20px\u00bb css=\u00bb.vc_custom_1608199163750{margin-bottom: 30px !important;border-top-width: 1px !important;border-right-width: 1px !important;border-bottom-width: 1px !important;border-left-width: 1px !important;padding-top: 45px !important;padding-right: 20px !important;padding-bottom: 25px !important;padding-left: 20px !important;border-left-color: #dddddd !important;border-left-style: solid !important;border-right-color: #dddddd !important;border-right-style: solid !important;border-top-color: #dddddd !important;border-top-style: solid !important;border-bottom-color: #dddddd !important;border-bottom-style: solid !important;border-radius: 3px !important;}\u00bb]<style>.ld_fancy_heading_6a0514470be84 h1 {font-size:34px; } .ld_fancy_heading_6a0514470be84 h1 {font-weight:500; } .ld_fancy_heading_6a0514470be84 .lqd-highlight-inner{height:0.275em!important;bottom:0px!important;}.ld_fancy_heading_6a0514470be84 h1 {font-size:34px; } .ld_fancy_heading_6a0514470be84 h1 {font-weight:500; } <\/style><div class=\"ld-fancy-heading ld_fancy_heading_6a0514470be84\">\n\t<h1 class=\"ld-fh-element lqd-highlight-underline lqd-highlight-grow-left text-decoration-default\"   >  Cont\u00e1ctenos hoy mismo.<\/h1><\/div><style>.ld_fancy_heading_6a0514470c09d p {margin-bottom:2.5em !important;  } .ld_fancy_heading_6a0514470c09d .lqd-highlight-inner{height:0.275em!important;bottom:0px!important;}.ld_fancy_heading_6a0514470c09d p {margin-bottom:2.5em !important;  } <\/style><div class=\"ld-fancy-heading ld_fancy_heading_6a0514470c09d\">\n\t<p class=\"ld-fh-element lqd-highlight-underline lqd-highlight-grow-left text-decoration-default\"   >  Ya sea que busque una soluci\u00f3n integral para su empresa o necesite asesor\u00eda experta en una \u00e1rea espec\u00edfica.<\/p><\/div><style>.ld_icon_box_6a0514470c302 .iconbox-icon-container{color:rgb(204, 204, 204);font-size:16px;margin-inline-end:17px !important;border-radius:px;}.ld_icon_box_6a0514470c302 .lqd-iconbox-title{color:rgba(0, 0, 0, 0.6);margin-bottom:px;font-size:15px;}<\/style>\n<div class=\"iconbox iconbox-inline text-align-default align-items-center ld_icon_box_6a0514470c302 vc_custom_1760555780638\" id=\"ld_icon_box_6a0514470c302\"  data-animate-icon=\"true\" data-plugin-options='{\"color\":\"rgb(204, 204, 204)\"}'  >\n\t\n\t\t\t\t\t\n\t\n\t<div class=\"iconbox-icon-wrap\"><span class=\"iconbox-icon-container\"><i class=\"fas fa-map-marker-alt\"><\/i><\/span><\/div>\t\n\t<h3 class=\"lqd-iconbox-title font-weight-normal\">Barranca del Muerto 329, San Jos\u00e9 Insurgentes, Benito Ju\u00e1rez, 03900, CDMX, Piso 3.<\/h3>\t\n\t<div class=\"contents\">\t\n\t\t\n\t\t\t\t\n\t<\/div>\t\n\t\n<\/div>\n<style>.ld_icon_box_6a0514470cb55 .iconbox-icon-container{color:rgb(204, 204, 204);font-size:16px;border-radius:px;}.ld_icon_box_6a0514470cb55 .iconbox-icon-wrap{margin-inline-end:15px !important;}.ld_icon_box_6a0514470cb55 .lqd-iconbox-title{color:rgba(0, 0, 0, 0.6);margin-bottom:px;font-size:15px;}<\/style>\n<div class=\"iconbox iconbox-side text-align-default ld_icon_box_6a0514470cb55 vc_custom_1700068793287\" id=\"ld_icon_box_6a0514470cb55\"  data-animate-icon=\"true\" data-plugin-options='{\"color\":\"rgb(204, 204, 204)\"}'  >\n\t\n\t\t\t\t\t\n\t\n\t<div class=\"iconbox-icon-wrap\"><span class=\"iconbox-icon-container\"><i class=\"fas fa-mobile\"><\/i><\/span><\/div>\t\n\t\t\n\t\t\n\t\t\n\t<h3 class=\"lqd-iconbox-title font-weight-normal\">Tel\u00e9fono: (55) 520 67 609<\/h3>\t\t\t\n\t\t\n\t\n<\/div>\n<style>.ld_icon_box_6a0514470d27f .iconbox-icon-container{color:rgb(204, 204, 204);font-size:16px;border-radius:px;}.ld_icon_box_6a0514470d27f .iconbox-icon-wrap{margin-inline-end:15px !important;}.ld_icon_box_6a0514470d27f .lqd-iconbox-title{color:rgba(0, 0, 0, 0.6);margin-bottom:px;font-size:15px;}<\/style>\n<div class=\"iconbox iconbox-side text-align-default ld_icon_box_6a0514470d27f vc_custom_1700068783063\" id=\"ld_icon_box_6a0514470d27f\"  data-animate-icon=\"true\" data-plugin-options='{\"color\":\"rgb(204, 204, 204)\"}'  >\n\t\n\t\t\t\t\t\n\t\n\t<div class=\"iconbox-icon-wrap\"><span class=\"iconbox-icon-container\"><i class=\"fas fa-mobile\"><\/i><\/span><\/div>\t\n\t\t\n\t\t\n\t\t\n\t<h3 class=\"lqd-iconbox-title font-weight-normal\">Tel\u00e9fono: (55) 520 67 623<\/h3>\t\t\t\n\t\t\n\t\n<\/div>\n<style>.ld_icon_box_6a0514470d587 .iconbox-icon-container{color:rgb(204, 204, 204);font-size:16px;border-radius:px;}.ld_icon_box_6a0514470d587 .iconbox-icon-wrap{margin-inline-end:15px !important;}.ld_icon_box_6a0514470d587 .lqd-iconbox-title{color:rgba(0, 0, 0, 0.6);margin-bottom:px;font-size:15px;}<\/style>\n<div class=\"iconbox iconbox-side text-align-default ld_icon_box_6a0514470d587 vc_custom_1705369330279\" id=\"ld_icon_box_6a0514470d587\"  data-animate-icon=\"true\" data-plugin-options='{\"color\":\"rgb(204, 204, 204)\"}'  >\n\t\n\t\t\t\t\t\n\t\n\t<div class=\"iconbox-icon-wrap\"><span class=\"iconbox-icon-container\"><i class=\"fas fa-map-marker-alt\"><\/i><\/span><\/div>\t\n\t\t\n\t\t\n\t\t\n\t<h3 class=\"lqd-iconbox-title font-weight-normal\">10330 Lake Rd. Suite F, Houston, Texas, 77070, USA.<\/h3>\t\t\t\n\t\t\n\t\n<\/div>\n<style>.ld_icon_box_6a0514470d7b4 .iconbox-icon-container{color:rgb(204, 204, 204);font-size:16px;border-radius:px;}.ld_icon_box_6a0514470d7b4 .iconbox-icon-wrap{margin-inline-end:15px !important;}.ld_icon_box_6a0514470d7b4 .lqd-iconbox-title{color:rgba(0, 0, 0, 0.6);margin-bottom:px;font-size:15px;}<\/style>\n<div class=\"iconbox iconbox-side text-align-default ld_icon_box_6a0514470d7b4 vc_custom_1706298242482\" id=\"ld_icon_box_6a0514470d7b4\"  data-animate-icon=\"true\" data-plugin-options='{\"color\":\"rgb(204, 204, 204)\"}'  >\n\t\n\t\t\t\t\t\n\t\n\t<div class=\"iconbox-icon-wrap\"><span class=\"iconbox-icon-container\"><i class=\"fas fa-mobile\"><\/i><\/span><\/div>\t\n\t\t\n\t\t\n\t\t\n\t<h3 class=\"lqd-iconbox-title font-weight-normal\">Telephone: 1 (346) 900-8110<\/h3>\t\t\t\n\t\t\n\t\n<\/div>\n<style>.ld_icon_box_6a0514470d9d1 .iconbox-icon-container{color:rgb(204, 204, 204);font-size:16px;border-radius:px;}.ld_icon_box_6a0514470d9d1 .iconbox-icon-wrap{margin-inline-end:15px !important;}.ld_icon_box_6a0514470d9d1 .lqd-iconbox-title{color:rgba(0, 0, 0, 0.6);margin-bottom:px;font-size:15px;}<\/style>\n<div class=\"iconbox iconbox-side text-align-default ld_icon_box_6a0514470d9d1 vc_custom_1705369548418\" id=\"ld_icon_box_6a0514470d9d1\"  data-animate-icon=\"true\" data-plugin-options='{\"color\":\"rgb(204, 204, 204)\"}'  >\n\t\n\t\t\t\t\t\n\t\n\t<div class=\"iconbox-icon-wrap\"><span class=\"iconbox-icon-container\"><i class=\"fas fa-map-marker-alt\"><\/i><\/span><\/div>\t\n\t\t\n\t\t\n\t\t\n\t<h3 class=\"lqd-iconbox-title font-weight-normal\">Cra 7A 69-65, Oficina 301-302, Bogot\u00e1, Colombia<\/h3>\t\t\t\n\t\t\n\t\n<\/div>\n<style>.ld_icon_box_6a0514470dbd7 .iconbox-icon-container{color:rgb(204, 204, 204);font-size:16px;border-radius:px;}.ld_icon_box_6a0514470dbd7 .iconbox-icon-wrap{margin-inline-end:15px !important;}.ld_icon_box_6a0514470dbd7 .lqd-iconbox-title{color:rgba(0, 0, 0, 0.6);margin-bottom:px;font-size:15px;}<\/style>\n<div class=\"iconbox iconbox-side text-align-default ld_icon_box_6a0514470dbd7 vc_custom_1705369581472\" id=\"ld_icon_box_6a0514470dbd7\"  data-animate-icon=\"true\" data-plugin-options='{\"color\":\"rgb(204, 204, 204)\"}'  >\n\t\n\t\t\t\t\t\n\t\n\t<div class=\"iconbox-icon-wrap\"><span class=\"iconbox-icon-container\"><i class=\"fas fa-mobile\"><\/i><\/span><\/div>\t\n\t\t\n\t\t\n\t\t\n\t<h3 class=\"lqd-iconbox-title font-weight-normal\">Tel\u00e9fono: +57 313 263 5640<\/h3>\t\t\t\n\t\t\n\t\n<\/div>\n[\/vc_column][vc_column width=\u00bb1\/2&#8243; offset=\u00bbvc_col-md-offset-1 vc_col-md-5&#8243; responsive_css=\u00bbpadding_right_medium:12%25&#8243;]<style>.ld_fancy_heading_6a0514470ddaf .lqd-highlight-inner{height:0.275em!important;bottom:0px!important;}<\/style><div class=\"ld-fancy-heading ld_fancy_heading_6a0514470ddaf\">\n\t<p class=\"ld-fh-element lqd-highlight-underline lqd-highlight-grow-left text-decoration-default\"   >  Nuestro equipo est\u00e1 aqu\u00ed para ayudarle.<\/p><\/div><div class=\"wpforms-container wpforms-container-full\" id=\"wpforms-14125\"><form id=\"wpforms-form-14125\" class=\"wpforms-validate wpforms-form wpforms-ajax-form\" data-formid=\"14125\" method=\"post\" enctype=\"multipart\/form-data\" action=\"\/v3\/wp-json\/wp\/v2\/pages\/14116\"><noscript class=\"wpforms-error-noscript\">Por favor, activa JavaScript en tu navegador para completar este formulario.<\/noscript><div class=\"wpforms-field-container\"><div id=\"wpforms-14125-field_2-container\" class=\"wpforms-field wpforms-field-text\" data-field-id=\"2\"><label class=\"wpforms-field-label wpforms-label-hide\" for=\"wpforms-14125-field_2\">Nombre <span class=\"wpforms-required-label\">*<\/span><\/label><input type=\"text\" id=\"wpforms-14125-field_2\" class=\"wpforms-field-large wpforms-field-required\" name=\"wpforms[fields][2]\" value=\"Nombre\" required><\/div><div id=\"wpforms-14125-field_4-container\" class=\"wpforms-field wpforms-field-phone\" data-field-id=\"4\"><label class=\"wpforms-field-label wpforms-label-hide\" for=\"wpforms-14125-field_4\">Tel\u00e9fono<\/label><input type=\"tel\" id=\"wpforms-14125-field_4\" class=\"wpforms-field-large wpforms-smart-phone-field\" data-rule-smart-phone-field=\"true\" name=\"wpforms[fields][4]\" placeholder=\"Tel\u00e9fono\" ><\/div><div id=\"wpforms-14125-field_8-container\" class=\"wpforms-field wpforms-field-email\" data-field-id=\"8\"><label class=\"wpforms-field-label wpforms-label-hide\" for=\"wpforms-14125-field_8\">Correo electr\u00f3nico <span class=\"wpforms-required-label\">*<\/span><\/label><input type=\"email\" id=\"wpforms-14125-field_8\" class=\"wpforms-field-large wpforms-field-required\" name=\"wpforms[fields][8]\" placeholder=\"Correo electr\u00f3nico\" spellcheck=\"false\" required><\/div><div id=\"wpforms-14125-field_6-container\" class=\"wpforms-field wpforms-field-text\" data-field-id=\"6\"><label class=\"wpforms-field-label wpforms-label-hide\" for=\"wpforms-14125-field_6\">Empresa<\/label><input type=\"text\" id=\"wpforms-14125-field_6\" class=\"wpforms-field-large\" name=\"wpforms[fields][6]\" value=\"Empresa\" ><\/div><\/div><!-- .wpforms-field-container --><div class=\"wpforms-submit-container\" ><input type=\"hidden\" name=\"wpforms[id]\" value=\"14125\"><input type=\"hidden\" name=\"wpforms[author]\" value=\"1\"><input type=\"hidden\" class=\"wpforms-token\" name=\"wpforms[token]\" value=\"e0fb9e86c3e3ded862ef242e04b5beab\" \/><button type=\"submit\" name=\"wpforms[submit]\" id=\"wpforms-submit-14125\" class=\"wpforms-submit\" data-alt-text=\"Enviando...\" data-submit-text=\"Comenzar\" aria-live=\"assertive\" value=\"wpforms-submit\">Comenzar<\/button><img loading=\"lazy\" decoding=\"async\" src=\"https:\/\/casd.com.mx\/v3\/wp-content\/plugins\/wpforms\/assets\/images\/submit-spin.svg\" class=\"wpforms-submit-spinner\" style=\"display: none;\" width=\"26\" height=\"26\" alt=\"Cargando\"><\/div><\/form><\/div>  <!-- .wpforms-container -->[\/vc_column][\/vc_row]<\/p>\n","protected":false},"excerpt":{"rendered":"<p>[vc_row content_placement=\u00bbmiddle\u00bb bg_position=\u00bbcenter bottom\u00bb enable_row_dividers=\u00bbyes\u00bb css=\u00bb.vc_custom_1700069787560{padding-top: 2% !important;padding-bottom: 2% !important;background-color: #021328 !important;background-position: 0 0 !important;background-repeat: no-repeat !important;}\u00bb responsive_css=\u00bbpadding_top_large:5%25|padding_bottom_large:5%25&#8243; row_svg_divider=\u00bbtop_shape_color:%23ffffff|top_shape_bringtofront:yes|bottom_shape_type:8|bottom_shape_color:%23ffffff|bottom_shape_height:43&#8243;][vc_column offset=\u00bbvc_hidden-xs\u00bb responsive_css=\u00bbmargin_bottom_medium:0px\u00bb css=\u00bb.vc_custom_1700068309440{margin-bottom: 60px !important;}\u00bb responsive_align=\u00bbtext-center text-sm-center text-md-center text-lg-center\u00bb][\/vc_column][\/vc_row][vc_row content_placement=\u00bbmiddle\u00bb responsive_css=\u00bbpadding_top_medium:80px|padding_bottom_medium:80px\u00bb css=\u00bb.vc_custom_1608199084580{padding-top: 60px !important;padding-bottom: 60px !important;}\u00bb][vc_column width=\u00bb1\/2&#8243; responsive_css=\u00bbmargin_bottom_medium:0px|padding_right_medium:60px|padding_left_medium:60px|padding_top_small:55px|padding_right_small:20px|padding_bottom_small:35px|padding_left_small:20px\u00bb css=\u00bb.vc_custom_1608199163750{margin-bottom: 30px !important;border-top-width: 1px !important;border-right-width: 1px !important;border-bottom-width: 1px !important;border-left-width: 1px !important;padding-top: 45px !important;padding-right: 20px !important;padding-bottom: 25px !important;padding-left: 20px [&hellip;]<\/p>\n","protected":false},"author":1,"featured_media":0,"parent":0,"menu_order":0,"comment_status":"closed","ping_status":"closed","template":"","meta":{"_seopress_robots_primary_cat":"","_seopress_titles_title":"Comencemos a hablar","_seopress_titles_desc":"Platiquemos sobre como podemos ayudar a potenciar la ciberseguridad de su empresa","_seopress_robots_index":"","footnotes":""},"class_list":["post-14116","page","type-page","status-publish","hentry"],"_links":{"self":[{"href":"https:\/\/casd.com.mx\/v3\/wp-json\/wp\/v2\/pages\/14116","targetHints":{"allow":["GET"]}}],"collection":[{"href":"https:\/\/casd.com.mx\/v3\/wp-json\/wp\/v2\/pages"}],"about":[{"href":"https:\/\/casd.com.mx\/v3\/wp-json\/wp\/v2\/types\/page"}],"author":[{"embeddable":true,"href":"https:\/\/casd.com.mx\/v3\/wp-json\/wp\/v2\/users\/1"}],"replies":[{"embeddable":true,"href":"https:\/\/casd.com.mx\/v3\/wp-json\/wp\/v2\/comments?post=14116"}],"version-history":[{"count":0,"href":"https:\/\/casd.com.mx\/v3\/wp-json\/wp\/v2\/pages\/14116\/revisions"}],"wp:attachment":[{"href":"https:\/\/casd.com.mx\/v3\/wp-json\/wp\/v2\/media?parent=14116"}],"curies":[{"name":"wp","href":"https:\/\/api.w.org\/{rel}","templated":true}]}}